-5 + (-1 - -18) - ((-10 - -2) + 14).
6
Calculate 26 - 2 - (17 + 7 + -8 - 8).
16
-2 - (-20 + 4) - (3 + 8)
3
What is 91 + -32 - 23 - 18?
18
What is the value of 8 + (-15 - (1 + -10)) + 2 + 8?
12
Calculate -11 + (9 - 0) + -15.
-17
Calculate 45 + -16 + (-1 - 0).
28
Evaluate 2 + -2 + 24 - (85 + -74).
13
Calculate (2 + -14 - (11 + 4 + -18)) + 8.
-1
What is the value of -14 + 0 - (-1 + 2) - -43?
28
Evaluate (146 - 147) + (-5 - -4).
-2
What is -9 - (-12 + 0) - 14?
-11
Evaluate 6 - (4 - -8 - 9 - 5).
8
8 - 42 - (-13 + -6)
-15
((0 - 10) + 15 - (6 - 1)) + -7
-7
Evaluate (9 - 2) + (-37 - (-35 - -10)).
-5
-24 + (22 - (18 + -8))
-12
Evaluate 23 + (0 - 10) + 2 + -189 + 192.
18
Calculate 4 - (3 + 3 + 4 + -1).
-5
2 - (-31 + 55 + -1)
-21
What is the value of 8 - (20 + (12 - 22))?
-2
What is the value of -24 - (26 + -23 + -16)?
-11
What is 0 + (-2 - 2 - -3)?
-1
What is the value of 59 + -49 + (1 - -10)?
21
Evaluate (-58 - -41) + (2 - -2 - (-8 + 8)).
-13
(-8 - -16) + -9 - (2 + -26 + -1)
24
Calculate 14 - (8 + (-27 - -13 - -14)).
6
What is the value of -2 - (-1 + 0) - (190 + -165)?
-26
-8 + (2 - 2) + -5 + 0
-13
What is the value of -2 - ((11 - 8 - -7) + (-33 - 0))?
21
What is (16 + -7 - -1) + -20 + -14 + 6?
-18
What is 12 + (-1 - 2 - (-3 - 1))?
13
(-2 - 48) + 283 + -250
-17
What is -462 - -447 - (6 + -2)?
-19
What is the value of (-4208 - -4184) + -2 + 1 + 1 + -9?
-33
Calculate (4 - 0) + (-19 - (22 - (-1 - -10))).
-28
What is the value of -20 + 7 + -5 + 7 - -6?
-5
(7 - (-6 + 18)) + (-2 - -6)
-1
8 - (0 + (5 - 8) + 2)
9
What is the value of (-29 - (-24 + -11)) + (-15 - 2 - 0)?
-11
Calculate -5 + 3 + 5 + 2.
5
What is -12 - -9 - (-3 + 3 - 5)?
2
6 - (-6 - 11 - -7)
16
Evaluate 0 - 0 - (1 - (6 - 5)) - -5.
5
Calculate 591 + -544 - (-2 - -22).
27
What is the value of 40 + -20 + -9 + (3 + -19 - -7)?
2
Evaluate -8 - (3 + 1 - 5) - -15.
8
Calculate 0 - (-17 - (-6 - -1 - (-5 + 6))).
11
What is the value of 88 - 77 - (-2 + 12)?
1
What is the value of 0 - ((12 - (2 + -11)) + -15)?
-6
-2 + -15 + 2 + -232 + 220
-27
15 + -1 - (13 + -1)
2
What is the value of -11 + 7 + 11 - -1?
8
What is 1 - (7 - 3) - (-4 - 2) - -1?
4
Calculate (6 - (22 + 1)) + 16.
-1
-7 + (1 + (-6 - -2) - -4 - -1)
-5
What is 5 - (5 + (4 - 6) - 3)?
5
-17 + 15 + 30 - 31
-3
What is -93 - -79 - (0 + -5 + -37)?
28
What is the value of 35 - (-11 + 35 - 23)?
34
What is 0 + (5 - 18) + 3?
-10
What is (7 - 11) + (-1 - 3)?
-8
What is the value of -1 - (18 - 9) - -5 - (11 + 0)?
-16
(220 - 218) + -11 + 0
-9
Calculate 12 + -10 + 2 - (-1 - 1).
6
What is (5 - (-2 + -10 + 8) - 0) + -1?
8
Calculate -13 + (0 - -5) + (-8 - 2 - -12).
-6
What is -16 + 26 - (2 + -2 - 0 - -3)?
7
Evaluate (0 - 2) + (0 - 0) + 7 + -9.
-4
Calculate 22 + -46 + 22 + (3 - -1).
2
-15 - ((-2 + -1 - 2) + -4)
-6
What is 6 - (-3 - (-17 + 0 + -2 + 4))?
-6
Calculate -10 + -3 + (13 - 6) - (-3 - -5).
-8
What is 11 - (23 + -5) - (1 - 5)?
-3
-5 + ((-22 - -18) + -34 - -13)
-30
What is -45 - (-1 + -27 + 13)?
-30
Calculate -11 - ((-1 - (5 - 3)) + -1).
-7
What is (2 - -10) + -66 + 15 + 60?
21
11 - (7 - (31 + -8 + -11))
16
Calculate -5 + 0 + 0 + (-15 - 0) - -3.
-17
What is the value of 25 - 18 - ((-5 - 0) + 1)?
11
What is the value of 9 + (11 - (11 - 7))?
16
Evaluate 3 + 6 + -5 + -18 + 1 + 2.
-11
6 + (3 - (1 - -5) - (7 + 0))
-4
What is 24 + -25 + -32 + 48?
15
Evaluate -16 - (8 + -9 + -5 + 5 + -2).
-13
Evaluate -3 + 7 + 6 + -23 + 0.
-13
What is 17 + -2 + 2 + 6 + -161 + 149?
11
Calculate (1 - 0) + 6 + 0 + -2146 + 2117.
-22
What is -6 + -3 + 4 - (-9 - -2)?
2
What is 15 - ((-10 - (-40 + 16)) + 0)?
1
What is 14 + (-33 - -5) + 2?
-12
Evaluate 2 + 4 + 9 + -7 + -28 + 24.
4
What is the value of 12 + -11 + (0 - -18)?
19
What is the value of -5 - (17 + -1 + 32 + -74)?
21
Calculate (-8 + 9 - -8) + (-4 - 0) + -25.
-20
What is 0 + (-14 - 1) - -25?
10
What is the value of 0 - -40 - 59 - (-7 + 0 + 2)?
-14
What is 1 + (-72 - -77 - (1 + 0))?
5
Calculate 6 + -21 + 6 + (-2 - -13).
2
What is the value of -2 - (-17 + -3 + 12)?
6
Evaluate -5 + -9 + (-83 - -80).
-17
-11 - ((-33 - -39) + -2 + -2)
-13
What is the value of (-10 - 1) + 22 + -20?
-9
Calculate 8 - (-10 - (-3 + 1) - -31).
-15
What is the value of 28 - 37 - (2 + -3) - -4?
-4
What is 3 - (-6 + 13 + -4 + -14)?
14
Evaluate (-3 - (-11 - -24 - 14)) + 15.
13
Evaluate (13 - 30 - -3) + -1 - -25.
10
Calculate -2 + 16 + -2 - (-11 - (-24 - -14)).
13
What is -6 - (-13 + 1) - 16 - (-17 - -3)?
4
What is the value of 6 - (-9 + (-7 - -20) - -1)?
1
8 + (11 - 11) + (1 - -2 - 12)
-1
Evaluate -27 - (20 - -3 - 66).
16
3 + 2 + (24 + -4 - -3)
28
Calculate -4 + 7 - (0 + 3 + -7 - -31).
-24
Evaluate 27 + (-36 + -5 - -9).
-5
(-22 + 8 - -10) + -2 + (3 - -2)
-1
What is the value of -2 - 0 - (23 - 14)?
-11
Calculate 4 + 9 + -2 + -14.
-3
What is 0 + -7 + (-2 - -6 - 3)?
-6
What is the value of 11 + -21 + (-8 + 7 - -4 - -13)?
6
10 + (2 - (6 + 0)) + -10
-4
(49 - 41) + -2 + 5 + -16 + 13
8
What is the value of 15 + -14 + (-3 - (-4 + -2))?
4
Calculate (0 + 0 - (-2 + 2)) + (-13 - -11).
-2
Calculate -4 + 1 - (-63 + 41 + 15 + 0).
4
Evaluate (-4 - -3) + (-14 - -23).
8
What is 15 - (2 + 22 + -13)?
4
16 + (14 - (-15 - -33))
12
What is the value of (2 - (-14 - (-2 - 7))) + -14?
-7
Calculate (44 - 22 - (3 + 1)) + -4.
14
What is (-12 - (42 + -62)) + 9 + 2 + -1?
18
4 + (-15 - -5 - -3) + -6
-9
Evaluate -34 + 31 - 3 - (-5 + 2).
-3
Calculate 31 - (16 - 8) - 12.
11
Evaluate (-1 - (9 + -1)) + (11 - 9).
-7
(22 - 21) + (-7 + 2 - 1 - 1)
-6
-3 - 0 - 3 - (-83 - -71)
6
Calculate -5 - (-4 - (-8 + 5 + -8)).
-12
What is the value of -55 + 88 - (0 + 20)?
13
What is 145 - 127 - (2 + 2)?
14
Evaluate -2 + 9 - -7 - 11.
3
Evaluate -1 - (40 + -56 - (-6 + -2)).
7
What is (905 - 898) + (-1 - (1 + 7))?
-2
Evaluate (-37 - -34) + 1 + 0 + -2.
-4
Evaluate (1 - (5 - -15)) + 3.
-16
Calculate 18 - (-13 + (10 - -6)).
15
What is 19 + -10 + -6 + 4 + 9?
16
2 - ((5 - -11) + (-5 - (0 + -4)))
-13
Evaluate (2 - (-3 + -7)) + (-1 - (-4 - -9)).
6
What is the value of (0 - -2) + 70 + (-62 - -9)?
19
Calculate (2 - 1) + (42 - 18 - 28) - -18.
15
What is -7 - (18 + (-10 - 6))?
-9
(26 + (20 - 48) - (-1 + -1)) + -13
-13
What is the value of (-311 - -317) + (1 - 6)?
1
Evaluate -21 + (-4 - (-47 - -29)).
-7
Evaluate 1 + (1 - 0) + (82 - 82) + 12.
14
What is -8 - (6 + 25 + (17 - 27))?
-29
What is the value of -10 + (9 - (23 - 12)) - 1?
-13
Evaluate (1 - 2) + 20 + -18 - (-5 - -29).
-23
Evaluate -8 + 0 - (-18 - 28 - -53).
-15
What is 13 + -1 + 15 - 13?
14
-1 + (-38 - -15 - -2)
-22
What is the value of -7 + (22 - 13) + (-15 - -2)?
-11
Calculate -1 + -3 + 3 + (-7 + 2 - 5).
-11
What is (-4 - 0) + 7 + 0 + (-6 - 2)?
-5
Evaluate 8 - (-7 + (-10 - -11)).
14
-34 + 50 - (2 - -3 - -3)
8
54 + -2 + (-65 - -41)
28
25 + (-57 - -32) + -28
-28
Calculate -1 - (-10 + 17 + (-2 - 1) - 3).
-2
What is -21 + -18 + 1 + (-21 - -27)?
-32
What is the value of (5 - -30) + -99 + 72?
8
Calculate 6 + 10 + 17 + -18.
15
Calculate (-4 + 4 - (24 + -21)) + -3.
-6
Calculate -6 - -7 - (5 - (2 + 16)).
14
Evaluate 12 + (3 - -2) + -7 - (22 + -40).
28
11 - (14 + -5 + -14)
16
Evaluate (9 - (9 - 1 - (154 + -148))) + -3.
4
-1 + -3 - ((21 - 25) + 14)
-14
Calculate 1 + -8 + 21 + (29 - 51) + 38.
30
-41 - (12 + -36) - -31
14
What is the value of 0 + -2 + 1 + 8 + -19?
-12
Evaluate 13 - (12 + (-11 - 0)).
12
What is (-3 + 27 - 20) + (0 - -14)?
18
Evaluate (0 - -8) + (-6 + 0 - (-44 + 44)).
2
Evaluate 23 + (-12 - (-15 - -4)) - -1.
23
Calculate -35 - ((13 + 2 - (29 - 21)) + -17).
-25
What is -30 + -27 + 54 + (-1 - -6) + -2?
0
Calculate 10 + (-2 - (-7 + (16 - 5))).
4
What is -1 - -3 - (200 + -220)?
22
15 - ((11 - 12) + 11)
5
(23 - 14) + 3 + (7 - (15 + 1))
3
Calculate (-3 - -6) + 3 - (-1 - -7) - 5.
-5
What is the value of 44 + (33 - 49) - 21?
7
Calculate 0 - (-1 - -1 - (-164 + 168)).
4
Evaluate 1 + -8 + (74 - 172 - -75).
-30
What is the value of (8 - (9 + 2 + 1)) + 13?
9
(1 - -29) + (13 - 15) + -2 + -6
20
What is the value of (5 - ((15 - 6) + -11)) + -8?
-1
What is the value of (-27 - 1) + 74 + -72?
-26
Calculate -486 + 459 + (0 - -38).
11
What is 13 - (-17 - ((7 - -6) + -16))?
27
Evaluate -14 - (-10 + 10 + -12).
-2
What is the value of -8 + (-270 - -311) + (-1 - 9)?
23
What is 28 + 1 + (-5 - 6 - -1)?
19
What is the value of -2 - (17 + -24 + -4 - (0 + -6))?
3
Calculate -6 + (7 - (7 - (-1 - -2))) +